. Is a composite?
True
Suppose 8 = -7*d + 9*d. Let v be 0/(1 - 3) + 36/12. Suppose 2*o + 1062 = d*p, -p = -v*o - 2*o - 288. Is p a prime number?
True
Suppose 95*z = 94*z - 90. Let i = z - -92. Suppose 2349 = i*m + 415. Is m a prime number?
True
Let l(z) be the first derivative of 23*z**7/840 + z**6/90 - z**5/40 + z**4/24 - 2*z**3 + 8. Let f(b) be the third derivative of l(b). Is f(3) prime?
False
Suppose 103*z - 10121894 = -7016397 + 14358462. Is z a prime number?
True
Let i(u) = 2*u**2 - 4*u - 2. Let p be i(-9). Let w = p - 355. Let q = 362 + w. Is q composite?
True
Suppose -5*n + 28225 = 4*g + 8641, 0 = n + 4*g - 3920. Let c = 26 + 54. Suppose c*p - 84*p = -n. Is p a composite number?
True
Let v = 38 - 36. Is 786 - (6 + -2 + v + -9) a composite number?
True
Let d(b) = 2*b**2 - 21*b + 51. Let g be d(-22). Is g/(2 + 3*2/(-6)) composite?
False
Let c = 233439 + -101716. Is c a prime number?
False
Is (-6 - (-14746)/4)/(2 - (-3)/(-2)) prime?
False
Let s(q) = -9 - 2*q + 11*q**2 - 10*q**2 + 6. Let k be s(3). Suppose -4*u - t + 2124 = -4023, 4*u - t - 6149 = k. Is u composite?
True
Suppose 64*o - 97857 + 16513 = 0. Let x = -832 + o. Is x a prime number?
True
Let v be (-3)/(7/(98/(-6))). Suppose -2*l + l + v = 0. Suppose 2*u + 5*c = 1729, -4375 = -5*u - l*c + 5*c. Is u a composite number?
False
Let d = 15442 + -10199. Suppose 0 = 3*t + 1226 - d. Let y = t + -684. Is y prime?
False
Suppose 2*x - 65 = -2*x + 5*f, 4*x - 45 = f. Let s be (-5)/2*24/(-12). Is (2/x)/(s/475) prime?
True
Let n(c) = 10036*c**3 + 4*c**2 + 9*c + 14. Let m(o) = -o**2 - o - 2. Let d(q) = -5*m(q) - n(q). Is d(-1) a composite number?
False
Let j = -161 + 162. Is j/(-2)*(13659 - 10)*-2 a prime number?
True
Suppose -m - 4 = 0, 0*w = -3*w - m - 1. Let u be (-1)/3 + w + 129/9. Is u/(-5) - -6 - -64 prime?
True
Let g be ((-24)/(-20))/(3/5530). Let b = 1039 + g. Is b a prime number?
True
Let t(q) = -6*q**3 - 16*q**2 - 13*q - 194. Is t(-27) prime?
True
Let q(c) = c**3 + 13*c**2 - c - 5. Let g be q(-13). Let z = -11 + g. Is (-2 + (-7)/z)*669 prime?
True
Let r(k) = 3*k**3 - 31*k**2 + 33*k - 87. Let x be r(27). Is (-5)/(-5 + x/7451) a composite number?
True
Let r(o) be the first derivative of -4 - 6*o - 5*o**3 - 7/4*o**4 + 3/2*o**2. Is r(-5) prime?
True
Let f(h) = 933*h + 26. Suppose 6*x - 44 - 22 = 0. Is f(x) a prime number?
True
Suppose -12*v + 9*v - 33 = 0. Let f = v + 17. Is (-3174)/(-9) + 2/f a prime number?
True
Suppose 6 = 2*q, 4*g + 2*q - q + 6129 = 0. Let v be 7 - (9 + -3913 + 7). Let p = v + g. Is p a composite number?
False
Let o(a) = -4052*a**3 - 11*a**2 + 23*a + 48. Is o(-2) composite?
True
Let q = -119 - -147. Is ((-6)/9)/(q/21)*-7994 composite?
True
Suppose 4*z = -5*i - 41, 4*z + 0*z - 5*i = -71. Is z/(-91) + 385431/39 a prime number?
True
Suppose 4*f + 6*j - 3*j + 18163 = 0, -f + 4*j = 4555. Is (f + -4)*(8 + -9) prime?
True
Suppose 87*n - 5993726 = -4788304 + 6013925. Is n a composite number?
False
Let t be 1 - 4*(-18)/96*4. Suppose 2*v + 4*j = t*v - 2890, 4*v + 2*j - 5750 = 0. Is v a composite number?
False
Let t(y) = -y**3 + 20*y**2 + 24*y - 20. Let b be t(23). Suppose 0 = 7*d - 475 + 3961. Let z = d - b. Is z composite?
False
Suppose -96*j + 2649576 = -4316472. Is j composite?
True
Let g(l) = l**3 - 15*l**2 - 11*l - 197. Let q be g(17). Let p = q - -4289. Is p composite?
False
Let h(v) = 21717*v + 680. Is h(11) a prime number?
True
Let o = 17976 - 4103. Is o a prime number?
True
Suppose -2*m + s = -4855, -35*m + 32*m + 7299 = 4*s. Is m a prime number?
False
Let y = 753184 + -489455. Is y a prime number?
True
Let c = -3722 + 5854. Suppose -y - 803 = -5*s - c, 2630 = 2*y + 4*s. Is y a composite number?
False
Let a = 458 - 452. Is (a - 44/8)*29242 a composite number?
False
Is 22050363/99 + (6/(-99))/(-1) composite?
False
Let f(z) = z**2 + 35*z - 354. Let o be f(-50). Suppose 3*d = 4*d + 25. Let n = d + o. Is n composite?
True
Let x be 2/7 + 474/(-42). Let n(b) = -b**3 - 18*b**2 - 15*b + 23. Let z(g) = 5*g**3 + 90*g**2 + 75*g - 116. Let o(s) = x*n(s) - 2*z(s). Is o(-17) prime?
True
Let a(h) = 4*h**2 - 7*h - 1. Suppose 5*o = d + 62, 5*o - 13 - 41 = -3*d. Let r be 10/(-5) - o/3. Is a(r) composite?
True
Is (-13 - -113378) + 8 + -16 prime?
True
Let b = 58 + -3168. Is b/(-25)*(-10)/(-4) composite?
False
Suppose -13*s = -8*s + 4*n - 88521, 3*s - 5*n - 53120 = 0. Is (4/(-10))/((-2)/s) + 2 a prime number?
False
Let y(k) = -k + k - 4 - 5*k**2 + 2*k + k**3 + 6*k**3. Let m be y(4). Let x = m + -113. Is x a composite number?
True
Suppose -7 = 2*y + 3. Let v = y - -7. Suppose 3*c + 2494 = v*f, 0*f - 2*c + 3767 = 3*f. Is f composite?
True
Suppose -672 = 56*b - 77 + 301. Let q = 742 - 1351. Let s = b - q. Is s a composite number?
False
Let t(p) be the second derivative of -1361*p**5/4 - 2*p**3/3 - 2*p**2 - 8*p - 6. Is t(-1) composite?
True
Suppose -a + 988 = -2*m, 0*a - 2*a + 3*m = -1981. Let i = 2165 + a. Is i a prime number?
True
Suppose 100*o = 101*o - 3*i - 12825, o - 12797 = -4*i. Is o a composite number?
True
Suppose -181*r + 94609732 = -10080487. Is r a prime number?
True
Let b be 2/(-6) + (30382/3 - -1). Let u = b + -1449. Suppose u - 51889 = -10*q. Is q a composite number?
True
Let a(s) = -3143*s + 16826. Is a(-31) composite?
False
Let o(d) = -2*d**3 - d**2 + 59950. Let j be o(0). Is j/8 - 42/56 a prime number?
False
Let g be ((-4)/(-4))/(2*2/66396). Let q = g - 8872. Is q a composite number?
False
Let w(o) = -1. Let u(a) = 839*a + 35. Let v(y) = u(y) + 5*w(y). Is v(4) a composite number?
True
Suppose 0 = 78*w - 77*w. Suppose -10*v + 2441 + 629 = w. Is v a composite number?
False
Let d(y) = 2*y - 3. Suppose 2*r + 12 = 4*o, 3 = o + 4*r - 0. Let b be d(o). Suppose 0 = x + b, 495 + 1454 = 4*m + 5*x. Is m prime?
True
Let l = 96335 - -457116. Is l a prime number?
False
Let l(p) be the third derivative of -781*p**4/24 + 11*p**3/6 + p**2. Let y(c) = 521*c - 7. Let t(m) = -5*l(m) - 8*y(m). Is t(-2) a prime number?
False
Let f(s) = -s**3 - 9*s**2 + 34*s + 2. Let c be f(-15). Suppose -6*w = -248 + c. Let m = 240 + w. Is m composite?
True
Let s(n) = -n**2 - 12*n + 32. Let l be s(-14). Suppose 0 = -5*q + l*z + 3315, -5 = 2*z - 3*z. Is q prime?
False
Let q(k) = 1259*k + 16. Let u = -41 - -44. Is q(u) a composite number?
False
Suppose -11406 = 39*f + 606. Suppose -3*l - 1022 = -l. Let q = f - l. Is q a prime number?
False
Let r(l) = -27*l**2 + 105*l + 9. Let s(d) = 14*d**2 - 52*d - 5. Let w(f) = 2*r(f) + 5*s(f). Is w(-31) prime?
False
Suppose 16*d - 19*d = 0. Suppose 0 - 7 = -p - t, -2*t + 6 = d. Suppose -3*c = -2*m - 681 - 1678, -p*m + 3152 = 4*c. Is c prime?
True
Let i(k) = -2*k**3 - 11*k**2 + 9*k - 5. Let d be ((-28)/35)/((-4)/(-130)). Let a = d - -19. Is i(a) a composite number?
False
Suppose 2*t - 43362 = 4*h, 2*h - 65055 = -3*t + 4*h. Let r = -15413 + t. Is r a prime number?
False
Let j = 1201827 - 98810. Is j composite?
False
Let q(m) = -2*m**3 - 18*m**2 + 10*m + 10. Let v(c) = c**3 + c**2 + c + 1. Let b(s) = q(s) + 3*v(s). Let y be b(14). Is 2052 + y + 36/18 prime?
True
Let v = 424 + -418. Suppose 32098 = v*u - 21884. Is u composite?
True
Let g(b) = 584*b**2 - 2*b - 5. Let r(h) = -1171*h**2 + 4*h + 10. Let s(w) = 5*g(w) + 2*r(w). Is s(3) a composite number?
True
Let l(w) = 96*w**2 + 79*w + 913. Is l(78) prime?
False
Suppose -3*x + 858547 = 3*a - 478520, -2*x + 2228451 = 5*a. Is a prime?
True
Let m = -20389 + 66290. Is m composite?
True
Let m = 1686 + 61253. Is m prime?
True
Let o = 41 - 37. Suppose h = -o*d - 3*h + 8060, -5*d - 3*h + 10079 = 0. Let b = -1430 + d. Is b prime?
True
Suppose -36*b + f + 8406 = -38*b, -2*b = -5*f + 8418. Let g = 11487 + b. Is g a prime number?
True
Let k be (-930)/(-8)*(-120)/(-10). Suppose 0 = 3*d + 2*g - k, 12*g - 1410 = -3*d + 15*g. Is d composite?
False
Let k = 111864 + -76841. Is k composite?
False
Let z = -46 + 38. Let o(v) = -v**3 - 9*v**2 - 10*v - 8. Let c be o(z). Suppose 10459 = c*i + 931. Is i a prime number?
False
Suppose 120*i - 119*i = 2*s + 185397, -2*i - 3*s = -370787. Suppose -i = 7*t - 42*t. Is t composite?
False
Suppose -10*j + 8960556 = 12*j + 1795838. Is j a composite number?
True
Suppose -41*r + 42*r - 6541 = -5*k, 3*k = -r + 6533. Is r a prime number?
True
Let i = 14814 - -5947. Is i a composite number?
True
Let i be (2 + (-8)/(48/9))*